4 and s.
54
Suppose -3*o = -4*i - 85, -o = -4*i - 43 + 4. What is the highest common factor of 22609 and o?
23
Let i(v) = v**3 + 15*v**2 + 14*v + 2. Suppose -q + 27 = 39. Let g be i(q). Calculate the highest common factor of 38 and g.
38
Suppose -3*k - 430 = -112. Let b be 1/((-66)/(-12)) + k/(-22). Suppose b*t + 2*y - 282 = -82, 2*t - 2*y = 66. Calculate the greatest common factor of t and 304.
38
Suppose -62379 + 7503 = -29*v - 5*v. Calculate the highest common divisor of v and 6.
6
Suppose -5*f + 2*m + 307 + 139 = 0, -6 = -3*m. Let a = 167130 - 166410. Calculate the highest common factor of a and f.
90
Let m(p) = p**2 + p + 1. Let g(u) = 7*u**2 + 22*u - 50. Let a(w) = g(w) - 4*m(w). Let o be a(3). Calculate the highest common divisor of 9 and o.
9
Let m be (-337 - (0 + -7))*-1 + 1 + 5. Calculate the greatest common divisor of m and 13272.
168
Let w(x) = -63*x + 2245. Let n be w(29). Suppose 5*v = 4*f + 236, f = 5*v - 246 + 22. Calculate the greatest common factor of v and n.
22
Let z = -1590 + 1720. Let s(f) = -41*f - 119. Let n be s(-14). What is the greatest common divisor of n and z?
65
Let u = 8 - 8. Suppose u = -5*n - 4*a + 124, 0*n - 3*n = 5*a - 77. Suppose 0 = 2*p - 2, -107 + 322 = 3*s - p. What is the highest common divisor of n and s?
24
Suppose -155*c = -160*c + 380. Calculate the highest common divisor of c and 5092.
76
Suppose -l = -4*l + 6. Let f be (34 - 25) + (-4)/1. Suppose -f*b + 18 = -3*n + 7*n, 0 = 4*n - l*b - 32. What is the greatest common divisor of n and 21?
7
Let y = -7 - -42. Suppose w - 1 = 0, 3*q + 35 = q - 5*w. Let m = y + q. Calculate the highest common factor of 75 and m.
15
Suppose -176*t + 173*t - 2*z + 4528 = 0, t - 1532 = 5*z. What is the greatest common divisor of t and 224?
56
Let q = -69858 + 69872. Let k(z) = z**3 + 5*z**2 + 3*z + 2. Let h be k(-2). What is the highest common factor of q and h?
2
Suppose p + 2 = -5*i, -2*i - 5*p + 10 = -p. Let u be 2 + i - (-52 + 35). What is the greatest common factor of u and 2?
2
Let f be 371950/6055*(0 - 0 - -35). What is the greatest common factor of 258 and f?
86
Suppose 32 = 2*t - 0*t. Let b = -337 + 626. Let l = 291 - b. Calculate the highest common factor of l and t.
2
Let y be 4*(-28)/(-16) - -552. Let u = y + -373. What is the highest common factor of u and 12?
6
Let o = -644 - -1086. Suppose -9*h - o = -2440. Calculate the greatest common divisor of 6 and h.
6
Let u(h) = 7*h**2 - 438*h - 3061. Let j be u(-7). Calculate the highest common factor of 192 and j.
12
Let w = -51 + 51. Suppose -d + 0*y - 80 = -y, w = -y. Let u = d - -89. Calculate the highest common divisor of u and 45.
9
Suppose 0 = -4*a - a + 320. Let g = -95 - -272. Suppose g = 6*o + 153. Calculate the greatest common divisor of a and o.
4
Suppose -8*z - 64 = 5*x - 6*z, 0 = x - z + 10. Let c be (-7809)/x + 3*7/84. Calculate the highest common divisor of c and 31.
31
Suppose -g - 160 = -y + g, -5*g - 475 = -3*y. Suppose -86*z + y = -84*z. Calculate the greatest common divisor of 125 and z.
25
Let u be 6/11 + (1 - (-626)/22). What is the highest common factor of 1905 and u?
15
Let t(g) be the second derivative of -g**3/6 + g**2 + 12*g. Let u be t(-4). Suppose -2*k + u = -16. What is the greatest common factor of 11 and k?
11
Suppose 5*a + h = 753, -108*a = -104*a + h - 603. Calculate the highest common factor of 90 and a.
30
Let s = 15 - 1. Suppose 114*n - 5544 = 41*n + 37*n. What is the highest common divisor of s and n?
14
Suppose 4*x + 9*x - 23833 = 17052. What is the highest common factor of 37 and x?
37
Let u(y) = -y**3 + 14*y**2 + 15*y + 12. Let n be u(15). Suppose -6*k + 90 = -n. What is the greatest common divisor of k and 153?
17
Suppose -159*q + 157*q = -4*z + 4050, 4*z - 4*q = 4068. Let v be -3 - -6 - -42 - 3. What is the highest common factor of v and z?
42
Suppose -4115 = -5*g + 1181*z - 1176*z, -5*g + 4111 = -4*z. Calculate the highest common divisor of g and 243.
9
Let c = 14 - 8. Suppose -4*v = 2*d - 20, v = -51*d + 46*d + 95. Suppose -4 = -4*l + 4*k, 4*k - d = -2*l - 2*l. What is the highest common divisor of l and c?
3
Suppose 0 = 9*k - 41 + 68. Let n be (-10)/(k/((-189)/(-18))). Calculate the highest common factor of 1435 and n.
35
Let w be 618/28*4 + 2/(-7). Let f(z) = -z**3 + 10*z**2 - 7*z - 7. Let v be 13 + 4 + -5 + -3. Let s be f(v). What is the highest common factor of s and w?
11
Suppose 3*y - 4*w - 40 = 166, -5*w - 76 = -y. Let a = -227 - -392. What is the highest common factor of y and a?
33
Suppose -9*b - 1648 = -1666. Suppose b*r - 13*p = -17*p + 44, r = -4*p + 24. Calculate the highest common factor of 14 and r.
2
Let a = -13398 + 13804. What is the highest common divisor of 841 and a?
29
Let s be (-8)/(-18)*(-9)/(-2). Suppose 2*r - s*d + 598 = 4*r, 4*r - 1206 = -2*d. Let c = -67 - -105. Calculate the highest common divisor of c and r.
38
Let k = -165 - -167. Suppose -19*z + 14*z + 15 = 0, 62 = j + k*z. Calculate the highest common divisor of j and 84.
28
Let y(g) = -858*g - 3402. Let s be y(-4). What is the greatest common factor of s and 5040?
30
Let f(q) = 15*q**2 + 14*q + 14. Let i be f(-5). Suppose 2695 = -312*z + i*z. Calculate the highest common divisor of z and 154.
77
Let j(p) = 5*p - 22. Let u(x) = x**2 + 2*x - 3. Let c be u(-5). Let z be j(c). Suppose -10*h + 2425 = -1755. Calculate the greatest common factor of z and h.
38
Suppose 15*g = 10*g + s + 614, g = -5*s + 154. Calculate the highest common factor of g and 5332.
124
Let s be 12/16 + 900/16. Suppose -19*z - 354 = -1437. Calculate the greatest common factor of s and z.
57
Suppose 163 + 113 = 1950*b - 1944*b. What is the greatest common factor of 3841 and b?
23
Let j(k) = 8*k**3 + 18*k**2 - 13*k - 3. Let a be j(3). Calculate the highest common factor of 272 and a.
16
Let b be 292789/245 - (4 + 690/(-175)). Calculate the highest common divisor of 95 and b.
5
Let l(s) = -s**3 - 2*s**2 + 5*s + 6. Let j be l(-4). Let f = -6973 - -6991. What is the highest common factor of j and f?
18
Suppose 16 = 2*f - 3*f. Suppose 0 = -k - w + 7, w - 2*w + 19 = 3*k. Let z be (f/(-3))/(k/18). What is the highest common divisor of z and 24?
8
Let q be 3/((-4)/(-10)*(-5)/(-2)). Let a be (-4 + 2)/((-14)/4 + q). Suppose a = -y + 7. Calculate the greatest common factor of 1 and y.
1
Suppose -k - 5*j + 30 = 16, -j + 46 = 2*k. Calculate the greatest common divisor of k and 1128.
24
Let k be 123*2/4*-4 + 3. Let c = 303 + k. Calculate the highest common divisor of c and 36.
12
Suppose -h + 5*q + 12 = 0, 18 = 2*h + 2*q - 6. Suppose 2*o + 14 - 64 = -3*a, -3*o = -h. What is the highest common factor of a and 154?
14
Let q = -665 - -664. Let v be ((-1)/q - -3) + (-7670)/(-130). Let l be 38/4 + (-5)/10. What is the greatest common factor of l and v?
9
Let c = -494 + 11097. Calculate the greatest common divisor of 23 and c.
23
Suppose -3*j - 12 + 0 = -3*p, 15 = -5*p - 2*j. Let q be 1*p/((-1)/78). Suppose -69 = 77*c - q*c. What is the highest common divisor of c and 46?
23
Let k(w) = -43*w + 4. Let f be k(-1). Suppose -2*q + 2*z - 6*z = -302, -4*q = -z - 559. Calculate the highest common divisor of q and f.
47
Suppose m - 5*m + 12 = 0. Suppose m*s + 4*f = -10, 5*s - 3*f = -8*f - 10. Suppose 117 = 6*u + 33. What is the greatest common divisor of u and s?
2
Let l = -60 - -70. Suppose 5*u - 4*a = 130 + 291, -4*u = a - 341. What is the greatest common divisor of l and u?
5
Suppose 5*w - 328 = -458. Suppose -3*t = -g - 43 + 8, -5*g - 5*t - 195 = 0. Let q = w - g. What is the highest common divisor of q and 30?
6
Let s(y) = 33 - 399*y + 409*y - 155. Let u be s(16). What is the greatest common divisor of 209 and u?
19
Suppose 78 = 2*v - 5*x, -3*x - 3 = -9. Let d be 44 - 14/(-1) - 3. Calculate the highest common factor of v and d.
11
Let x(c) = c**3 + c**2 + 2. Let w be x(-2). Let k be (-126)/(-5)*(-5)/w. Calculate the greatest common factor of 84 and k.
21
Let q(j) = -4*j**2 - 134*j - 132. Let g be q(-26). What is the highest common factor of 184 and g?
8
Let o = -104 - -203. Let t = 102 - o. Suppose -t*j = -51 - 219. What is the greatest common factor of j and 60?
30
Let u(j) = 6*j + 8. Let w be u(-3). Let h = w + 14. Let m(a) = -a**3 - 8*a**2 + 6*a - 23. Let g be m(-9). What is the highest common factor of h and g?
4
Let c(t) = -t - 5. Le